52c1
In base 14, what is -4621c7 + 1?
-4621c6
In base 13, what is 0 - 518a5?
-518a5
In base 14, what is -52 - 261c6?
-26238
In base 12, what is 55a5 + 1207?
67b0
In base 9, what is -1 + 124410668?
124410667
In base 5, what is -14242002044 - -40?
-14242002004
In base 10, what is 1185 + -10406?
-9221
In base 16, what is -dd0b + 95?
-dc76
In base 9, what is 128 - -173707?
173836
In base 16, what is 3ff - -3fea?
43e9
In base 15, what is 3 + -4331806?
-4331803
In base 7, what is -410121 - 661?
-411112
In base 16, what is 169 + 73ae?
7517
In base 10, what is -44439746 + -5?
-44439751
In base 14, what is -703a6 + 9?
-7039b
In base 16, what is 2ffa8 + -1ee?
2fdba
In base 6, what is 234 + -12150?
-11512
In base 3, what is 10 + 21101200110212?
21101200110222
In base 10, what is -9 - -4128812?
4128803
In base 13, what is -14a51 - 382c?
-18580
In base 4, what is -11 - -13131130000012?
13131130000001
In base 10, what is 78 + 28112?
28190
In base 7, what is -322314306 + 2?
-322314304
In base 12, what is -986 + 267a?
18b4
In base 12, what is 0 - 74476b?
-74476b
In base 10, what is -1026795 + -3?
-1026798
In base 12, what is -148b - -155603?
154134
In base 13, what is -518 + 126c6?
121ab
In base 7, what is -4125 - -24151?
20023
In base 8, what is -3361555 + 2?
-3361553
In base 3, what is 121021212 + 1010212?
122102201
In base 13, what is bc - -15556?
15645
In base 8, what is -33453213 - -2?
-33453211
In base 5, what is 10343130 + -24422?
10313203
In base 5, what is -114214300120 - 12?
-114214300132
In base 2, what is -1 - 10111100100011010?
-10111100100011011
In base 12, what is 7532aa - -3?
7532b1
In base 13, what is -187 + -a8822?
-a89a9
In base 3, what is 10 + -21122210202021?
-21122210202011
In base 3, what is -2111122122122200 + -12?
-2111122122122212
In base 2, what is -10101010111011 + -101000111011?
-11010011110110
In base 3, what is 101 - 2122111101211002?
-2122111101210201
In base 14, what is 2c - -7d219a?
7d21c8
In base 6, what is 100454443 - -2133?
100501020
In base 11, what is 5944 + -1369?
4586
In base 12, what is -a1a6619 + 5?
-a1a6614
In base 3, what is 2021010202010 + -221?
2021010201012
In base 5, what is -1 + -14420211442?
-14420211443
In base 10, what is 202576 - 416?
202160
In base 14, what is 577 - -4a96?
522d
In base 7, what is 222163433 + -2?
222163431
In base 11, what is 3 + 21381338?
21381340
In base 10, what is -45545213 - -1?
-45545212
In base 5, what is -32344304200 + -24?
-32344304224
In base 10, what is -8189 + 20830?
12641
In base 13, what is -4 + 2233220?
2233219
In base 15, what is -514b + -3a4b?
-8b97
In base 5, what is -104200034 + 3?
-104200031
In base 12, what is 2bb - -5487?
5786
In base 16, what is -143 - -6da86?
6d943
In base 12, what is 28 + -10087ba?
-1008792
In base 3, what is 100112002022022000 + 11?
100112002022022011
In base 9, what is 23 - -80864748?
80864772
In base 2, what is -1001111111 - -10101100011?
1011100100
In base 3, what is 1001220 + -22120112100?
-22112110110
In base 14, what is -5 - -5a0a81c?
5a0a817
In base 5, what is -30 + -201040001?
-201040031
In base 6, what is 55353241042 - -3?
55353241045
In base 5, what is -10 + 33234031110?
33234031100
In base 7, what is 16604 + 206?
20113
In base 12, what is 2 - 1261914?
-1261912
In base 16, what is -6 - -45d135?
45d12f
In base 8, what is -375 + 27543361?
27542764
In base 7, what is -21636 - 31643?
-53612
In base 13, what is -2138440 + 1?
-213843c
In base 8, what is 765675 + 410?
766305
In base 5, what is -3024211431 - -4?
-3024211422
In base 5, what is -4 - -20224401433?
20224401424
In base 10, what is 194370 - -1283?
195653
In base 6, what is 4235544 - 1334?
4234210
In base 16, what is 11e - -a9cc?
aaea
In base 14, what is 4245 - -33c8?
762d
In base 2, what is -11100110011001100001 - 100001000?
-11100110011101101001
In base 16, what is bffab2 - -10?
bffac2
In base 3, what is -2010020010 - 101100?
-2010121110
In base 5, what is 212221020041 + 13?
212221020104
In base 3, what is 121000001012111120 + 1?
121000001012111121
In base 16, what is -25 - 1d2348?
-1d236d
In base 8, what is -106011 + 6?
-106003
In base 5, what is 242 + 4432342?
4433134
In base 8, what is 15116 - 1601?
13315
In base 10, what is 11393 - 12?
11381
In base 16, what is 1d8 + -75d9?
-7401
In base 8, what is 30 - -1453556?
1453606
In base 9, what is -23048345 + -4?
-23048350
In base 8, what is 335324 + 5?
335331
In base 9, what is -316 - 1114831?
-1115247
In base 12, what is 58a99923 + 3?
58a99926
In base 3, what is 22 - 2001010021102?
-2001010021010
In base 16, what is 7007b + 341?
703bc
In base 9, what is -41104123 - -18?
-41104104
In base 6, what is -35510 - -42?
-35424
In base 9, what is -23 + 851157?
851134
In base 10, what is 18459686 + -25?
18459661
In base 8, what is 120 - -765424?
765544
In base 16, what is d218b + -5e5?
d1ba6
In base 14, what is -136dc + -35?
-13733
In base 16, what is -266 - 4163?
-43c9
In base 3, what is 1200 + -2001110211?
-2001102011
In base 13, what is -3a39b7ac - 0?
-3a39b7ac
In base 8, what is 221 + -611260?
-611037
In base 9, what is -640 + 831800?
831150
In base 12, what is 1b5 - -21aa4?
22099
In base 14, what is 96d + -1137a?
-1080b
In base 7, what is 16 + -10626404?
-10626355
In base 6, what is -3411213525 + 0?
-3411213525
In base 6, what is -10511011 - 350?
-10511401
In base 10, what is -3817 - -890?
-2927
In base 15, what is 92d13 - -108?
92e1b
In base 9, what is 113 + 36284?
36407
In base 7, what is 33554206 + -5?
33554201
In base 3, what is 221 - -100100101121222?
100100101122220
In base 2, what is 1101111101 + -10111010010?
-1001010101
In base 5, what is -122140113 + 2404?
-122132204
In base 6, what is 3322 - 330?
2552
In base 13, what is 5 - -23526870?
23526875
In base 7, what is -4402514006 - -3?
-4402514003
In base 11, what is -31 - -1023511?
1023490
In base 16, what is d493c1 + 0?
d493c1
In base 12, what is 8 + 79364?
79370
In base 14, what is 5b57d + 912?
5c091
In base 14, what is 502959 + -6?
502953
In base 2, what is 10 + -1010001110101111010?
-1010001110101111000
In base 8, what is 60 - -205462?
205542
In base 15, what is e6 - cae50?
-cad59
In base 3, what is -100100 - 202202112?
-210002212
In base 7, what is 144516 + 142?
144661
In base 7, what is 11 - 54114625?
-54114614
In base 14, what is -a38c228 - -6?
-a38c222
In base 4, what is 2222200211 - 12130?
2222122021
In base 3, what is 102201202222 + -21222?
102201111000
In base 5, what is -14424044413 - 2?
-14424044420
In base 10, what is -236 + 29975?
29739
In base 9, what is 2853028 + 1?
2853030
In base 10, what is 4011 - 275?
3736
In base 10, what is 3 - -66229669?
66229672
In base 5, what is -413044 + 2022?
-411022
In base 8, what is 406126 - -1143?
407271
In base 13, what is 8 - 354315?
-35430a
In base 3, what is -10120212020 - 22211212?
-10220201002
In base 16, what is 5 + 1096819?
109681e
In base 9, what is -2840 + -52218?
-55158
In base 3, what is 10101 + -12110111101110?
-12110111021002
In base 9, what is -842437 - -86?
-842341
In base 6, what is -13 - 425054542?
-425054555
In base 3, what is -10002210202 - 20000?
-10010000202
In base 15, what is 101b6 - -13c?
10303
In base 2, what is -1011 + -1001101110100110101100?
-1001101110100110110111
In base 16, what is -17cd - -817?
-fb6
In base 5, what is 114330001 - 22430?
114302021
In base 5, what is -2244130324 - 10?
-2244130334
In base 7, what is -6 - -4211216?
4211210
In base 2, what is 10111110 - 1000100111101110111?
-1000100111010111001
In base 14, what is 3119747 - 1?
3119746
In base 6, what is -2115440435 + -35?
-2115440514
In base 14, what is 118 + -4d9875?
-4d975b
In base 4, what is -132301213 + 1100003?
-131201210
In base 15, what is -72 - 7483aa?
-74842c
In base 14, what is -5aa + 6969?
639d
In base 5, what is -40040 - -21030431?
20440341
In base 5, what is -1 - 2201032124?
-2201032130
In base 15, what is -8ecb - 93?
-906e
In base 13, what is 2c4 + -743?
-44c
In base 7, what is 12625646 - 315?
12625331
In base 12, what is b8 + 156520?
156618
In base 4, what is -102 - 3113300120333?
-3113300121101
In base 13, what is ca5a9 - -a1?
ca67a
In base 10, what is 3 - -15950024?
15950027
In base 12, what is 522411 + 146?
522557
In base 13, what is -5cc - b55a?
-bb59
In base 2, what is 101 + 1111100010111000001100010001?
11111000101